1). Let u = 3 - b. Is (19*u)/(2 + -3) prime?
False
Let i be (2/(-4))/(2/(-24)). Let o = i - 3. Suppose -564 = -2*z - 2*z + 3*j, 0 = -o*z - 4*j + 423. Is z a prime number?
False
Suppose 5 + 1 = -3*y. Is y*13*1/(-2) prime?
True
Let g = -15 + 9. Let u = 7 + g. Let r = 4 - u. Is r a prime number?
True
Let i(v) = -25*v + 2. Suppose -3*y + 0*y = 15. Let q = -8 - y. Is i(q) prime?
False
Suppose 1 + 2 = 3*z. Suppose -j + 1 = -z. Suppose -j*o + r + 19 + 30 = 0, -r = o - 20. Is o prime?
True
Let b(g) be the third derivative of g**5/30 + g**4/6 + 2*g**3/3 + 9*g**2. Is b(-7) a composite number?
True
Let n = -7 + 15. Suppose p + 5*c + 2 = 0, -2*c = 2*p - 4*c - n. Suppose o = 3*t + 30, 2*t + 100 = 5*o - p*t. Is o prime?
False
Let x(u) = 4*u**2 + 3*u - 7. Is x(4) prime?
False
Let p = -150 - 192. Suppose 214 = -2*a - 3*d, -2*a - d - 227 = -13. Let x = a - p. Is x composite?
True
Suppose u = -m - m + 2, 3*m + u = 5. Suppose 58 = m*f - 911. Is f a prime number?
False
Suppose -5*k + 612 = -1343. Is k composite?
True
Let m(j) = -j + 11. Suppose -3*r = -5*d - 11, -2*r - 4*d + 22 = -0*d. Let h be m(r). Suppose 5*y + 38 = k, h*y - 17 + 5 = 0. Is k composite?
False
Suppose 2*s + 2*s = 4*w + 8, 3*w - 5*s + 6 = 0. Is 46/w*(-1 + 0) a composite number?
False
Suppose g + 292 = -3*g. Let c = 92 - 110. Let m = c - g. Is m a composite number?
True
Let z = -568 - -1475. Is z a prime number?
True
Let z(b) = -160*b - 5. Is z(-6) prime?
False
Let r = 6188 + -3045. Is r a composite number?
True
Suppose 0 = 4*t + 118 + 14. Let d = t - -64. Is d composite?
False
Suppose 3*z - 5 = 2*z. Suppose -5*k + 13 = -2*i + z, 0 = 5*k. Is 74/i*(-1 - 1) a prime number?
True
Suppose 652 = 4*k + 5*c, -4*k - c + 0*c + 636 = 0. Is k prime?
False
Let t(i) = 94*i**2 + 1. Suppose 1 = 4*k - c, 30 - 8 = -2*k - 4*c. Is t(k) composite?
True
Suppose g = 0, 0 = 3*r - 4*g - 13 - 2. Suppose 0 = -3*c - v + 200, 7 - 87 = -c - 3*v. Suppose r*b - 60 - c = 0. Is b a composite number?
True
Is (-2060)/(-8) + (-9)/(-6) a composite number?
True
Let b = 718 + -1006. Is b/(-54) + 2/3 composite?
True
Let g = 4005 - 988. Is g a prime number?
False
Is ((-2)/(-6))/((-17273)/8637 - -2) a composite number?
False
Let t(h) = -h**3 + h**2 + h + 91. Let u be t(0). Let y = -7 + u. Suppose 2*k + 59 = 3*w, 3*w - 3*k + 6*k = y. Is w prime?
True
Suppose 2*d + 0*d = 20. Suppose 0 = -2*w + d, 5*l + 4*w - 2120 = -w. Is l prime?
True
Let l(v) be the first derivative of v**7/840 + v**6/60 - v**5/30 + 5*v**4/24 + v**3/3 - 3. Let y(n) be the third derivative of l(n). Is y(-4) composite?
False
Suppose 5*l - 2*l = 1065. Is l a prime number?
False
Suppose 21 - 5 = 4*x. Suppose 5*i - x*v = -2 + 195, 4*i + v = 146. Is i prime?
True
Let f(g) = -235*g + 13. Is f(-8) composite?
True
Let r = 74 - 127. Let w = r - -147. Suppose -3*t + 71 = -w. Is t composite?
True
Suppose 6*k - 1496 = 1516. Is k composite?
True
Let b(p) = 817*p**3 - p**2 + 3*p - 1. Is b(1) a composite number?
True
Let g(w) = -w**2 + 4*w + 4. Let l be g(3). Let p(v) = -v**3 - v**2 + 1. Let k(n) = 2*n**3 - 6*n**2 + 8*n + 2. Let c(j) = k(j) + p(j). Is c(l) prime?
True
Let i(f) = f + 4. Let w be i(-4). Let q be (-1 - 3)/(-1 + w). Is (3 - 1) + 3*q composite?
True
Suppose 0*w - 2*w + 2*n = -8, 3*n = -2*w - 12. Let c be (-22)/(-6) - (-6)/(-9). Suppose c*v - 141 = -w*v. Is v prime?
True
Let z = 1862 - 1021. Is z a composite number?
True
Let o(u) = u**2 - 7*u + 5. Let g be o(5). Let h(i) = -i - 6. Let p be h(g). Is 53 + (p - (-2 - -1)) a prime number?
True
Let q = -735 + 1398. Suppose -q = -5*r + 662. Is r a prime number?
False
Let c(a) = 4*a**2 - a. Let u(j) = j. Let v be u(1). Let s be c(v). Is s*(5 - (1 + -1)) a prime number?
False
Let c = 12 - 5. Is (-10 + -52)/((-2)/c) a composite number?
True
Let d(m) = -207*m**3 + m**2 + m + 1. Let g be 2/(-4) + (-4)/8. Let o be d(g). Suppose 0 = x + 4, 4*w = -x + o - 60. Is w a composite number?
True
Suppose 4*g - 2*g + 10 = 0. Let i = 70 + g. Is i prime?
False
Suppose -5*k = 3*g - 823 - 1074, -2*g - 5*k = -1268. Is g composite?
True
Suppose 4*b + 1679 = 5*b. Is b prime?
False
Is (22 + -912)*(0 + (-1)/2) prime?
False
Let x(v) = 1163*v**2 - v + 1. Is x(-1) a composite number?
True
Suppose 5*a - 17 = -t - 0*t, 0 = 5*a - t - 13. Let l(d) = d**3 - d**2 + d - 2. Is l(a) a composite number?
False
Let h(a) = 8*a - 3*a**3 + 6*a**3 - 2*a**3 + 7*a**2 + 8. Let t be h(-6). Is 22*(1 + t)/(-6) prime?
True
Suppose 1 = 2*q + o - 3, -28 = -3*q + 4*o. Suppose q*b - 157 = -5*m, 2*m - 4*b - 107 = -m. Is m composite?
True
Let s = 3783 - 1948. Is s prime?
False
Let g = 196 - -116. Suppose 5*x + g = -5*p + 1242, 4*x = 4*p + 736. Is x a prime number?
False
Let g(t) = -2*t**2 - t + 2. Let f(n) = -6*n**2 - 2*n + 5. Let m = 17 + -6. Let d(p) = m*g(p) - 4*f(p). Is d(5) a composite number?
False
Let h(q) be the first derivative of 28*q**4 + q**3/3 - 6. Is h(1) a prime number?
True
Suppose -14 = q + 4*m, -q - 2 - 12 = -m. Let c be (-38)/q - (-6)/21. Suppose c*p = -2*p + 955. Is p a prime number?
True
Let a(t) = 435*t - 5. Let b be a(4). Suppose 3*z - b = -2*z. Is z composite?
False
Suppose 12 = 3*r + 2*y - 1541, -3*r = 5*y - 1538. Is r a prime number?
True
Let s = 315 + -1. Is (-1)/((-944)/s - -3) composite?
False
Let t(o) = o**3 + 7*o**2 - 9*o - 3. Let c be t(-8). Let x(p) = 3*p**2 - 4*p. Let h be x(c). Is 0/(0 + 1) + h composite?
True
Let x(p) = p**3 - 4*p**2 + 2*p + 3. Is x(5) composite?
True
Suppose 357 = -15*j + 22*j. Is j prime?
False
Let d be 0/(2 + (-2 - -2)). Suppose -3*q - 5*r = -d*q + 9, q - 2*r - 8 = 0. Suppose 3 = -q*v + 21. Is v prime?
False
Let p(j) = 26*j**3 + 2*j**2 + 2*j - 1. Let t = 10 - 8. Is p(t) prime?
False
Let r(k) = -187*k**3 + k**2 - 1. Is r(-1) prime?
False
Let j(k) = -k + 7. Let x be j(7). Let l = x - 4. Let r(q) = 5*q**2 + 3*q - 3. Is r(l) prime?
False
Let d(w) = w**3 + 5*w**2 - 3*w + 2. Let p(z) = -z**3 + z**2 - z. Let j(g) = -d(g) - 2*p(g). Is j(7) prime?
False
Let z be ((-6)/9 - -1)*27. Suppose -17 = -g + z. Is g prime?
False
Let v(s) = s**3 - 8*s**2 - 4*s + 3. Suppose -2*i - 14 = -h - 2*h, -4*i + h - 28 = 0. Let g = 3 - i. Is v(g) composite?
False
Suppose 4 = -0*b - b, 3*b = r - 371. Is r prime?
True
Let n(l) = -3*l**2 - l + 1. Let p be n(1). Is (178/(-8))/(p/12) a composite number?
False
Let d(k) be the second derivative of -7*k**4/12 - k**3/3 + k**2 + 2*k. Let w be d(-2). Let c = w + 36. Is c composite?
True
Suppose 15*q - 20*q = -635. Is q prime?
True
Suppose 2*u = 5*l - 2765, -2*l = -2*u + 3*u - 1106. Let j = -384 + l. Is j composite?
True
Suppose -b = 11 - 4. Let o(f) = -f - 4*f + 4*f. Is o(b) prime?
True
Suppose -79 - 289 = 4*r. Let b = -39 - r. Is b a prime number?
True
Suppose -3*y - 2*y + 42 = -3*o, -5*o = 4*y - 4. Suppose 3*i - y*i = -5*w + 32, 2 = 2*i. Is w composite?
False
Let o = -1 - -2. Suppose -o = -n + 9. Suppose 5*t = 60 + n. Is t a prime number?
False
Let k(d) be the third derivative of 53*d**4/12 + d**3/6 + 7*d**2. Is k(3) composite?
True
Suppose 5*o - 3*o = -2*n + 186, 2*n - 190 = -3*o. Is n a composite number?
False
Let p(r) = 40*r**3 + r**2 - 2*r + 2. Let q be (-3)/(-2 - -5)*-2. Let j be p(q). Is (j/(-21))/(4/(-66)) a prime number?
False
Let t be 2/4 - (-17)/2. Suppose 2*b = b - 2. Is (-7)/(b + t/5) a composite number?
True
Let u be 2*1 - 4/4. Let v = u + -1. Suppose -3*h = 3*c - 168, v = -2*h - c - 5 + 112. Is h prime?
False
Let w(m) = m**3 - m**2 + m + 1. Let z(v) = -5*v**2 + 5*v - 7. Let j(n) = w(n) + z(n). Let o be j(5). Is 1*o*1*-67 a prime number?
True
Suppose 7*m - 3*m = -5*k + 1806, -896 = -2*m + k. Is m a prime number?
True
Let n(d) = 7*d - 4 + 3*d**3 - d**3 + 13*d**2 + 6. Let q(m) = -m**3 - 7*m**2 - 4*m - 1. Let f(x) = 2*n(x) + 5*q(x). Is f(-9) a composite number?
False
Let v(f) be the third derivative of f**7/1260 + 7*f**6/720 + f**5/30 - f**2. Let m(c) be the third derivative of v(c). Is m(6) a prime number?
True
Suppose 0 = 4*z + z - 40. Let n(x) = x**2 + 0*x**2 - 2 + 7 - 6*x. Is n(z) prime?
False
Suppose -3*a = -3*w - 2*w + 210, -2*a - 168 = -4*w. Let t = -5 - -9. Suppose -2*c + t*c = w. Is c a prime number?
False
Let v(y) = -y**2 - y + 2. Let b be v(-8). Let x = -12 - b. Suppose 2*t - g = x, -5*t - 4*g = -g - 127. Is t a prime number?
True
Suppose -6969 - 11261 = -10*b. Is b prime?
True
Let x be 2 + (-4 - -3